t are the prime factors of b?
5, 13
Suppose 479*i - 483*i + 5588 = 0. What are the prime factors of i?
11, 127
Suppose 6*u - 5*i - 40 = 2*u, 0 = -i. Let l be u/(-45) - (-38)/9. Suppose y = -l*y + 25. What are the prime factors of y?
5
Let p(g) = g**3 - 6*g**2 + 21*g - 27. What are the prime factors of p(14)?
5, 367
Let j(g) = -g**3 + 5*g**2 + 12*g + 10. Let t be j(7). Let r(q) = -39*q - 9. List the prime factors of r(t).
3, 7
Suppose -2*v + 3 - 4 = -m, 29 = 5*m + 2*v. Suppose 4*l - 3*s = -m*s + 318, 3*s + 62 = l. List the prime factors of l.
7, 11
Let f(w) = 111*w**2 + 17*w + 41. What are the prime factors of f(-3)?
23, 43
Let t = 8 + -6. Suppose l - t*f = -0*f - 2, -4*l = -2*f - 4. Suppose 30 = m + l*m. What are the prime factors of m?
2, 5
What are the prime factors of (3 - (-62)/(-2))*6/(-21)?
2
Let d(r) be the third derivative of r**5/60 + r**4/8 + 14*r**2. Let x = -2 + 5. What are the prime factors of d(x)?
2, 3
Let s = -4 + 9. Suppose 6*x - s*x = 0. Suppose -3*f + 7*f - 108 = x. What are the prime factors of f?
3
Let w = 0 + 4. Suppose 14 = w*c - 14. Let g = 23 - c. List the prime factors of g.
2
Suppose -7*h + 10 = -2*h + 4*j, -3*h = 4*j - 6. Suppose -2*k + 8*p = 7*p - 365, h*p = k - 181. List the prime factors of k.
3, 61
Let u = -19 + 56. Suppose 0 = 3*f + u - 280. What are the prime factors of f?
3
Let s(f) = -124*f - 154. What are the prime factors of s(-17)?
2, 977
Let t = -1429 - -2004. What are the prime factors of t?
5, 23
Let a be ((-16)/2)/((-2)/1). Suppose 5*h + 0*p - p = 105, a*p = h - 21. Suppose 0 = o + 2*o - h. List the prime factors of o.
7
Suppose -56 = -4*k + 24. What are the prime factors of (k/(-6) - -3)*-129?
43
Let j(c) be the first derivative of -c**5/60 + c**4/24 - 4*c**3/3 + 1. Let s(u) be the third derivative of j(u). What are the prime factors of s(-8)?
17
Let w(t) = t**2 - 12*t - 84. List the prime factors of w(21).
3, 5, 7
Let q(w) = w**2 - 1. Let t(s) = -7*s**2 + s + 8. Let y(h) = -4*q(h) - t(h). List the prime factors of y(6).
2, 7
Let w(d) = -3*d + 13. Let j = 16 - 20. List the prime factors of w(j).
5
Let m = -230 + -169. Let y = 616 + m. List the prime factors of y.
7, 31
Suppose 5*b + 81 = -5*q + 306, 2*b - q - 87 = 0. Suppose -2*n + d = -41, -3*d + b = 3*n - 40. List the prime factors of n.
23
Let q = -42 + 45. Suppose q*x = 4*u - 0*x - 597, -4*u + 4*x = -600. List the prime factors of u.
3, 7
Suppose 2*c = -2*n + 2, 4*n + c = 3*c + 28. Suppose -3*z - 1 + 10 = 0, -3*r + 42 = n*z. List the prime factors of r.
3
Let c(b) = 2*b. Let d be c(0). Suppose r - 4*r + 132 = d. Let s = r + -25. What are the prime factors of s?
19
Let c = 7 - 2. Suppose 5*m + 125 = -3*u, c*m + 87 = -u - 28. List the prime factors of 195*(4 - m/(-6)).
5, 13
Let l(i) = 2*i + 3 + 2 - 1. Suppose -5*j = -3*w + 23, -w + 3*j - 2 + 7 = 0. What are the prime factors of l(w)?
2, 13
Let j be 4/6 + (-94)/(-3). Suppose -o + j = 3*o. Suppose 4*l - 2*f = 44, 5*l + o - 37 = -4*f. List the prime factors of l.
3
Let q be (2 - 1) + -2 + 1. Let c(i) = -4*i + 16. Let x be c(4). Suppose -f + 16 + q = x. List the prime factors of f.
2
Let h(j) = 2*j - 2. Let s be h(-2). Let x(d) be the second derivative of -d**5/20 - d**4/3 + 3*d**3/2 + d**2/2 + 3*d. What are the prime factors of x(s)?
19
Let h(w) = -5*w**3 - 4*w**2 + 2*w + 2. Let n be h(-4). Suppose -92*d = -87*d - n. List the prime factors of d.
2, 5
Suppose -s + 0*j = -2*j - 4, 0 = 5*s - 2*j - 4. Suppose 0*d - 2*d + 2*h + 78 = s, -20 = 5*h. What are the prime factors of d + -1 - (3 - -1)?
2, 3, 5
Let l(b) = -b**3 - 4*b**2 + 4*b - 3. Suppose -2*p - 1 - 9 = 0. Let h be l(p). What are the prime factors of 7 + (0/h)/3?
7
Let c(f) = -166*f - 13. Let z be c(-3). Suppose z = 5*t - 0*t. List the prime factors of t.
97
Let u(c) = 8*c**2 + 28*c + 69. List the prime factors of u(14).
2029
Suppose 13 = 2*b + 5, 4*n + 5*b = 1616. List the prime factors of n.
3, 7, 19
Let s = -6 - -8. Let m be (-3)/((-12)/10)*s. Suppose -4*z + 1 = -q, 5*z + 89 = m*q + 19. What are the prime factors of q?
19
Suppose -3*n - 3*w + 882 = 0, 1194 - 313 = 3*n + 2*w. List the prime factors of n.
293
Suppose -4*y + 102 = 5*l, 30 = 3*l - 4*y - 44. What are the prime factors of l?
2, 11
Let m(j) = -9*j - 51. What are the prime factors of m(-13)?
2, 3, 11
Suppose j - 4*p - 846 = 311, 2*p + 4 = 0. What are the prime factors of j?
3, 383
Let t = 2135 - 550. What are the prime factors of t?
5, 317
Let x = 2477 - -700. What are the prime factors of x?
3, 353
What are the prime factors of (-2760)/(-25) + 2/(-5)?
2, 5, 11
Suppose -3*w + 6*w = 4*y - 42, -4*y = 2*w - 52. Let i be (22/(-33))/((-2)/y). Suppose 10*t - 8*t - i = 0. What are the prime factors of t?
2
Let x be (24/(-20))/((-3)/20). Let a = -3 + 1. Let d = a + x. List the prime factors of d.
2, 3
Let y(q) = q**2 - 9*q + 9. Let p be y(9). Let n = p + -12. What are the prime factors of ((-12)/(-8))/(n/(-60))?
2, 3, 5
Let a be 7/(-7)*(-1 - -1). Let w(p) = 13 + a*p + p - 5. List the prime factors of w(4).
2, 3
Let w be 19 + (40/(-2))/5. Suppose 1 = c - w. What are the prime factors of c?
2
Suppose -3*i - 1100 = -i. Let j be (2/4)/(5/i). Let f = -31 - j. What are the prime factors of f?
2, 3
Suppose -3*x = 19*x - 39226. List the prime factors of x.
1783
Let v(g) = 391*g**3 - 7*g**2 + 7*g - 2. What are the prime factors of v(1)?
389
List the prime factors of (3101/(-21))/(3/(-54)).
2, 3, 443
Suppose -8*f - 30 = 2*f. Let l(w) = 3*w**2 + 4*w - 1. What are the prime factors of l(f)?
2, 7
Suppose 2*b - 34 = 226. Let r = b - -12. List the prime factors of r/6 - (-1)/3.
2, 3
Let o(g) = 2*g**3 - g**2 + g. Let r be o(1). Let s(i) = 0 + i - 3*i**3 - 3 + i**r + 3. List the prime factors of s(-2).
2, 13
Let n be (1/(-2))/((-2)/8). Suppose n*h + 2 - 10 = 0. Suppose -26 = h*v - 6*v. What are the prime factors of v?
13
Suppose 82 + 28 = 2*x. Suppose -x = 4*k + 221. Let g = -13 - k. What are the prime factors of g?
2, 7
Let x(i) = 108*i**2 - 46*i - 156. List the prime factors of x(-3).
2, 3, 53
Let n = -216 + 97. Let i = n + 232. What are the prime factors of i?
113
Suppose -17*r + 21*r = 0. Suppose 5*o - 25 = -r*o. Suppose o*f - 117 = 18. List the prime factors of f.
3
Let s = 545 + -123. Suppose 3*i = 4*k + s, 3*k + 536 = 4*i - 29. List the prime factors of i.
2, 71
Suppose 17*s = -4975 + 21601. List the prime factors of s.
2, 3, 163
Suppose 4*z = 5*s - 1785, s + 35 - 392 = 5*z. What are the prime factors of s?
3, 7, 17
What are the prime factors of (-9 + 29)/10 - 65/(-1)?
67
List the prime factors of (14/(-3))/((-1416)/(-711) + -2).
7, 79
Let f be -3 - (0 + (3 - 1)). Let s = f + 9. Let j(h) = h + 7. What are the prime factors of j(s)?
11
Let f = 1489 - -1701. What are the prime factors of f?
2, 5, 11, 29
Let d be (13 - 22)*2/(-3). Let l(v) = 12*v + 12. List the prime factors of l(d).
2, 3, 7
Let f = -2258 + 3401. List the prime factors of f.
3, 127
Let w be (3/1 - 0) + 21. Suppose -4*o - 60 + w = 0. List the prime factors of ((-12)/5)/(o/150).
2, 5
Suppose 0 = m - r - 209, 2*m + 2*r + 83 = 509. List the prime factors of m.
211
Suppose -2275 = 124*x - 131*x. What are the prime factors of x?
5, 13
Let g(x) = 17*x**2 + x - 5. Let z be 2/8 + 7/4. List the prime factors of g(z).
5, 13
Let j = 728 - -2536. What are the prime factors of j?
2, 3, 17
Let u(z) = 0*z - 12 + 5 - 10 + 7*z. List the prime factors of u(10).
53
Let v = 94 + -69. Let j = v + 16. What are the prime factors of j?
41
Let a(t) = -t**3 - 14*t**2 - 13*t + 5. Let z be a(-13). Suppose 97 = -z*x + 262. List the prime factors of (x - 2)*(-3)/(-3).
31
Let x(o) = o + 1. Let a(w) = -5*w**2 - 9*w - 13. Let c(y) = -a(y) - 6*x(y). List the prime factors of c(-2).
3, 7
Let c(p) = 3*p**2 + 3*p. Let u be c(-2). Let i be 6*(-2 + 16/u). Suppose 2*g - 16 = i. List the prime factors of g.
2, 5
Suppose 5*d - 67 = 128. Suppose 0*x + 39 = x + 5*r, -x = r - d. Suppose -46 = -5*p + x. List the prime factors of p.
17
Suppose 0 = 19*a - 16*a - 1278. List the prime factors of (3 - 5)/((-3)/a).
2, 71
Let z be 2/6 - 41/(-3). Suppose 5*v = -6 - z. List the prime factors of (-1 + -1)/(v/8).
2
Suppose 5*d = -0*d + 1265. Suppose -6*w = 13 - d. What are the prime factors of w?
2, 5
Suppose 0 = q + 3*f - 14, 2*q - 64 = -2*q - 4*f. Let j = q - 15. Suppose j*b - 42 = -b. Lis